{"id":58,"date":"2017-11-08T19:19:39","date_gmt":"2017-11-08T18:19:39","guid":{"rendered":"http:\/\/www.burgenlandski.net\/wordpress\/?page_id=58"},"modified":"2025-02-04T15:06:40","modified_gmt":"2025-02-04T14:06:40","slug":"praesidium","status":"publish","type":"page","link":"http:\/\/www.burgenlandski.net\/wordpress\/verband\/praesidium\/","title":{"rendered":"Pr\u00e4sidium"},"content":{"rendered":"<div class=\"tmm tmm_praesidium-vorstand\"><div class=\"tmm_3_columns tmm_wrap tmm_theme_f\"><span class=\"tmm_two_containers_tablet\"><\/span><div class=\"tmm_container\"><div class=\"tmm_member\" style=\"border-top:#333333 solid 5px;\"><div class=\"tmm_photo tmm_pic_praesidium-vorstand_0\" style=\"background: url(http:\/\/www.burgenlandski.net\/wordpress\/wp-content\/uploads\/2018\/04\/guttmann.jpg); margin-left: auto; margin-right:auto; background-size:cover !important;\"><\/div><div class=\"tmm_textblock\"><div class=\"tmm_names\"><span class=\"tmm_fname\">DI Gerald<\/span> <span class=\"tmm_lname\">Guttmann<\/span><\/div><div class=\"tmm_job\">Pr\u00e4sident<\/div><div class=\"tmm_scblock\"><\/div><\/div><\/div><div class=\"tmm_member\" style=\"border-top:#333333 solid 5px;\"><div class=\"tmm_photo tmm_pic_praesidium-vorstand_1\" style=\"background: url(http:\/\/www.burgenlandski.net\/wordpress\/wp-content\/uploads\/2018\/04\/Koller-Karl-Heinz.jpg); margin-left: auto; margin-right:auto; background-size:cover !important;\"><\/div><div class=\"tmm_textblock\"><div class=\"tmm_names\"><span class=\"tmm_fname\">Karl Heinz<\/span> <span class=\"tmm_lname\">Koller<\/span><\/div><div class=\"tmm_job\">Vizepr\u00e4sident<\/div><div class=\"tmm_scblock\"><\/div><\/div><\/div><span class=\"tmm_two_containers_tablet\"><\/span><div class=\"tmm_member\" style=\"border-top:#333333 solid 5px;\"><div class=\"tmm_photo tmm_pic_praesidium-vorstand_2\" style=\"background: url(http:\/\/www.burgenlandski.net\/wordpress\/wp-content\/uploads\/2018\/04\/Richard-SCHUH-1.jpg); margin-left: auto; margin-right:auto; background-size:cover !important;\"><\/div><div class=\"tmm_textblock\"><div class=\"tmm_names\"><span class=\"tmm_fname\">Richard<\/span> <span class=\"tmm_lname\">Schuh<\/span><\/div><div class=\"tmm_job\">Vizepr\u00e4sident<\/div><div class=\"tmm_scblock\"><\/div><\/div><\/div><\/div><span class=\"tmm_columns_containers_desktop\"><\/span><div class=\"tmm_container\"><div class=\"tmm_member\" style=\"border-top:#333333 solid 5px;\"><div class=\"tmm_photo tmm_pic_praesidium-vorstand_3\" style=\"background: url(http:\/\/www.burgenlandski.net\/wordpress\/wp-content\/uploads\/2018\/04\/t\u00f6ltl.jpg); margin-left: auto; margin-right:auto; background-size:cover !important;\"><\/div><div class=\"tmm_textblock\"><div class=\"tmm_names\"><span class=\"tmm_fname\">Josef<\/span> <span class=\"tmm_lname\">T\u00f6ltl<\/span><\/div><div class=\"tmm_job\">Vizepr\u00e4sident<\/div><div class=\"tmm_scblock\"><\/div><\/div><\/div><span class=\"tmm_two_containers_tablet\"><\/span><div class=\"tmm_member\" style=\"border-top:#333333 solid 5px;\"><div class=\"tmm_photo tmm_pic_praesidium-vorstand_4\" style=\"background: url(http:\/\/www.burgenlandski.net\/wordpress\/wp-content\/uploads\/2018\/04\/Hegedues_Alexander.jpg); margin-left: auto; margin-right:auto; background-size:cover !important;\"><\/div><div class=\"tmm_textblock\"><div class=\"tmm_names\"><span class=\"tmm_fname\">Alexander<\/span> <span class=\"tmm_lname\">Heged\u00fcs<\/span><\/div><div class=\"tmm_job\">Vizepr\u00e4sident und Referat Skiwoche<\/div><div class=\"tmm_scblock\"><\/div><\/div><\/div><div class=\"tmm_member\" style=\"border-top:#333333 solid 5px;\"><div class=\"tmm_photo tmm_pic_praesidium-vorstand_5\" style=\"background: url(http:\/\/www.burgenlandski.net\/wordpress\/wp-content\/uploads\/2018\/04\/kornhofer_karl.jpg); margin-left: auto; margin-right:auto; background-size:cover !important;\"><\/div><div class=\"tmm_textblock\"><div class=\"tmm_names\"><span class=\"tmm_fname\">Karl<\/span> <span class=\"tmm_lname\">Kornhofer<\/span><\/div><div class=\"tmm_job\">Kassier<\/div><div class=\"tmm_scblock\"><\/div><\/div><\/div><span class=\"tmm_two_containers_tablet\"><\/span><\/div><span class=\"tmm_columns_containers_desktop\"><\/span><div class=\"tmm_container\"><div class=\"tmm_member\" style=\"border-top:#333333 solid 5px;\"><div class=\"tmm_photo tmm_pic_praesidium-vorstand_6\" style=\"background: url(http:\/\/www.burgenlandski.net\/wordpress\/wp-content\/uploads\/2018\/04\/Schuch-Maria.jpg); margin-left: auto; margin-right:auto; background-size:cover !important;\"><\/div><div class=\"tmm_textblock\"><div class=\"tmm_names\"><span class=\"tmm_fname\">Maria<\/span> <span class=\"tmm_lname\">Schuch<\/span><\/div><div class=\"tmm_job\">Kassier Stv.<\/div><div class=\"tmm_scblock\"><\/div><\/div><\/div><div class=\"tmm_member\" style=\"border-top:#333333 solid 5px;\"><div class=\"tmm_photo tmm_pic_praesidium-vorstand_7\" style=\"background: url(http:\/\/www.burgenlandski.net\/wordpress\/wp-content\/uploads\/2018\/02\/Varga-Bernd.jpg); margin-left: auto; margin-right:auto; background-size:cover !important;\"><\/div><div class=\"tmm_textblock\"><div class=\"tmm_names\"><span class=\"tmm_fname\">Bernd<\/span> <span class=\"tmm_lname\">Varga<\/span><\/div><div class=\"tmm_job\">Referat Nordisch<\/div><div class=\"tmm_scblock\"><\/div><\/div><\/div><span class=\"tmm_two_containers_tablet\"><\/span><div class=\"tmm_member\" style=\"border-top:#333333 solid 5px;\"><div class=\"tmm_photo tmm_pic_praesidium-vorstand_8\" style=\"background: url(http:\/\/www.burgenlandski.net\/wordpress\/wp-content\/uploads\/2018\/02\/christian-reicher.jpg); margin-left: auto; margin-right:auto; background-size:cover !important;\"><\/div><div class=\"tmm_textblock\"><div class=\"tmm_names\"><span class=\"tmm_fname\">Christian<\/span> <span class=\"tmm_lname\">Reicher<\/span><\/div><div class=\"tmm_job\">Referat Instruktoren<\/div><div class=\"tmm_scblock\"><\/div><\/div><\/div><\/div><span class=\"tmm_columns_containers_desktop\"><\/span><div class=\"tmm_container\"><div class=\"tmm_member\" style=\"border-top:#333333 solid 5px;\"><div class=\"tmm_photo tmm_pic_praesidium-vorstand_9\" style=\"background: url(http:\/\/www.burgenlandski.net\/wordpress\/wp-content\/uploads\/2018\/04\/retter.jpg); margin-left: auto; margin-right:auto; background-size:cover !important;\"><\/div><div class=\"tmm_textblock\"><div class=\"tmm_names\"><span class=\"tmm_fname\">Ruth<\/span> <span class=\"tmm_lname\">Retter<\/span><\/div><div class=\"tmm_job\">Referat Kampfrichter Stv. und \u00d6SV-Wertungsliste<\/div><div class=\"tmm_scblock\"><\/div><\/div><\/div><span class=\"tmm_two_containers_tablet\"><\/span><div class=\"tmm_member\" style=\"border-top:#333333 solid 5px;\"><div class=\"tmm_photo tmm_pic_praesidium-vorstand_10\" style=\"background: url(http:\/\/www.burgenlandski.net\/wordpress\/wp-content\/uploads\/2018\/04\/Gschwandtner-Daniel.jpeg); margin-left: auto; margin-right:auto; background-size:cover !important;\"><\/div><div class=\"tmm_textblock\"><div class=\"tmm_names\"><span class=\"tmm_fname\">Daniel<\/span> <span class=\"tmm_lname\">Gschwandtner<\/span><\/div><div class=\"tmm_job\">Referat Grasski<\/div><div class=\"tmm_scblock\"><\/div><\/div><\/div><div class=\"tmm_member\" style=\"border-top:#333333 solid 5px;\"><div class=\"tmm_photo tmm_pic_praesidium-vorstand_11\" style=\"background: url(http:\/\/www.burgenlandski.net\/wordpress\/wp-content\/uploads\/2018\/04\/Bernd-Loranth.jpg); margin-left: auto; margin-right:auto; background-size:cover !important;\"><\/div><div class=\"tmm_textblock\"><div class=\"tmm_names\"><span class=\"tmm_fname\">Mag. (FH) Bernd<\/span> <span class=\"tmm_lname\">Loranth<\/span><\/div><div class=\"tmm_job\">Rechnungspr\u00fcfer<\/div><div class=\"tmm_scblock\"><\/div><\/div><\/div><span class=\"tmm_two_containers_tablet\"><\/span><\/div><span class=\"tmm_columns_containers_desktop\"><\/span><div class=\"tmm_container\"><div class=\"tmm_member\" style=\"border-top:#333333 solid 5px;\"><div class=\"tmm_photo tmm_pic_praesidium-vorstand_12\" style=\"background: url(http:\/\/www.burgenlandski.net\/wordpress\/wp-content\/uploads\/2018\/04\/walter-bajlicz.jpg); margin-left: auto; margin-right:auto; background-size:cover !important;\"><\/div><div class=\"tmm_textblock\"><div class=\"tmm_names\"><span class=\"tmm_fname\">Dr. Walter<\/span> <span class=\"tmm_lname\">Bajlicz<\/span><\/div><div class=\"tmm_job\">Disziplinarausschuss<\/div><div class=\"tmm_scblock\"><\/div><\/div><\/div><div class=\"tmm_member\" style=\"border-top:#333333 solid 5px;\"><div class=\"tmm_photo tmm_pic_praesidium-vorstand_13\" style=\"background: url(http:\/\/www.burgenlandski.net\/wordpress\/wp-content\/uploads\/2018\/04\/szerencits.jpg); margin-left: auto; margin-right:auto; background-size:cover !important;\"><\/div><div class=\"tmm_textblock\"><div class=\"tmm_names\"><span class=\"tmm_fname\">J\u00fcrgen<\/span> <span class=\"tmm_lname\">Szerencsits<\/span><\/div><div class=\"tmm_job\">Disziplinarausschuss<\/div><div class=\"tmm_scblock\"><\/div><\/div><\/div><span class=\"tmm_two_containers_tablet\"><\/span><div class=\"tmm_member\" style=\"border-top:#333333 solid 5px;\"><div class=\"tmm_photo tmm_pic_praesidium-vorstand_14\" style=\"background: url(http:\/\/www.burgenlandski.net\/wordpress\/wp-content\/uploads\/2018\/02\/Mirth-Rudi.jpg); margin-left: auto; margin-right:auto; background-size:cover !important;\"><\/div><div class=\"tmm_textblock\"><div class=\"tmm_names\"><span class=\"tmm_fname\">Rudi<\/span> <span class=\"tmm_lname\">Mirth<\/span><\/div><div class=\"tmm_job\">Disziplinarausschuss<\/div><div class=\"tmm_scblock\"><\/div><\/div><\/div><div style=\"clear:both;\"><\/div><\/div><\/div><\/div>\n","protected":false},"excerpt":{"rendered":"","protected":false},"author":2,"featured_media":0,"parent":50,"menu_order":0,"comment_status":"closed","ping_status":"closed","template":"","meta":[],"yoast_head":"<!-- This site is optimized with the Yoast SEO plugin v15.4 - https:\/\/yoast.com\/wordpress\/plugins\/seo\/ -->\n<title>\u00dcbersicht \u00fcber das Pr\u00e4sidium des Burgenl\u00e4ndischen Skiverbandes<\/title>\n<meta name=\"description\" content=\"Der Pr\u00e4sident des Burgenl\u00e4ndischen Skiverband ist Gerald Guttmann. Unterst\u00fctzt wird er in seinen T\u00e4tigkeiten von den Vizepr\u00e4sidenten Ute Wagner, Johann Gschwandtner, Josef T\u00f6ltl und Richard Schuh. Als Schriftf\u00fchrerin \u00fcbt Nina Schr\u00f6ck ihre Aufgabe aus und Karl Kornhofer tritt als Kassier auf.\" \/>\n<meta name=\"robots\" content=\"index, follow, max-snippet:-1, max-image-preview:large, max-video-preview:-1\" \/>\n<link rel=\"canonical\" href=\"http:\/\/www.burgenlandski.net\/wordpress\/verband\/praesidium\/\" \/>\n<meta property=\"og:locale\" content=\"de_DE\" \/>\n<meta property=\"og:type\" content=\"article\" \/>\n<meta property=\"og:title\" content=\"\u00dcbersicht \u00fcber das Pr\u00e4sidium des Burgenl\u00e4ndischen Skiverbandes\" \/>\n<meta property=\"og:description\" content=\"Der Pr\u00e4sident des Burgenl\u00e4ndischen Skiverband ist Gerald Guttmann. Unterst\u00fctzt wird er in seinen T\u00e4tigkeiten von den Vizepr\u00e4sidenten Ute Wagner, Johann Gschwandtner, Josef T\u00f6ltl und Richard Schuh. Als Schriftf\u00fchrerin \u00fcbt Nina Schr\u00f6ck ihre Aufgabe aus und Karl Kornhofer tritt als Kassier auf.\" \/>\n<meta property=\"og:url\" content=\"http:\/\/www.burgenlandski.net\/wordpress\/verband\/praesidium\/\" \/>\n<meta property=\"og:site_name\" content=\"Ski Burgenland\" \/>\n<meta property=\"article:modified_time\" content=\"2025-02-04T14:06:40+00:00\" \/>\n<meta name=\"twitter:card\" content=\"summary\" \/>\n<meta name=\"twitter:label1\" content=\"Verfasst von\">\n\t<meta name=\"twitter:data1\" content=\"Paul Wagner\">\n\t<meta name=\"twitter:label2\" content=\"Gesch\u00e4tzte Lesezeit\">\n\t<meta name=\"twitter:data2\" content=\"0\u00a0Minuten\">\n<script type=\"application\/ld+json\" class=\"yoast-schema-graph\">{\"@context\":\"https:\/\/schema.org\",\"@graph\":[{\"@type\":\"WebSite\",\"@id\":\"http:\/\/www.burgenlandski.net\/wordpress\/#website\",\"url\":\"http:\/\/www.burgenlandski.net\/wordpress\/\",\"name\":\"Ski Burgenland\",\"description\":\"Der Burgenl\\u00e4ndische Skiverband\",\"potentialAction\":[{\"@type\":\"SearchAction\",\"target\":\"http:\/\/www.burgenlandski.net\/wordpress\/?s={search_term_string}\",\"query-input\":\"required name=search_term_string\"}],\"inLanguage\":\"de\"},{\"@type\":\"WebPage\",\"@id\":\"http:\/\/www.burgenlandski.net\/wordpress\/verband\/praesidium\/#webpage\",\"url\":\"http:\/\/www.burgenlandski.net\/wordpress\/verband\/praesidium\/\",\"name\":\"\\u00dcbersicht \\u00fcber das Pr\\u00e4sidium des Burgenl\\u00e4ndischen Skiverbandes\",\"isPartOf\":{\"@id\":\"http:\/\/www.burgenlandski.net\/wordpress\/#website\"},\"datePublished\":\"2017-11-08T18:19:39+00:00\",\"dateModified\":\"2025-02-04T14:06:40+00:00\",\"description\":\"Der Pr\\u00e4sident des Burgenl\\u00e4ndischen Skiverband ist Gerald Guttmann. Unterst\\u00fctzt wird er in seinen T\\u00e4tigkeiten von den Vizepr\\u00e4sidenten Ute Wagner, Johann Gschwandtner, Josef T\\u00f6ltl und Richard Schuh. Als Schriftf\\u00fchrerin \\u00fcbt Nina Schr\\u00f6ck ihre Aufgabe aus und Karl Kornhofer tritt als Kassier auf.\",\"inLanguage\":\"de\",\"potentialAction\":[{\"@type\":\"ReadAction\",\"target\":[\"http:\/\/www.burgenlandski.net\/wordpress\/verband\/praesidium\/\"]}]}]}<\/script>\n<!-- \/ Yoast SEO plugin. -->","_links":{"self":[{"href":"http:\/\/www.burgenlandski.net\/wordpress\/wp-json\/wp\/v2\/pages\/58"}],"collection":[{"href":"http:\/\/www.burgenlandski.net\/wordpress\/wp-json\/wp\/v2\/pages"}],"about":[{"href":"http:\/\/www.burgenlandski.net\/wordpress\/wp-json\/wp\/v2\/types\/page"}],"author":[{"embeddable":true,"href":"http:\/\/www.burgenlandski.net\/wordpress\/wp-json\/wp\/v2\/users\/2"}],"replies":[{"embeddable":true,"href":"http:\/\/www.burgenlandski.net\/wordpress\/wp-json\/wp\/v2\/comments?post=58"}],"version-history":[{"count":7,"href":"http:\/\/www.burgenlandski.net\/wordpress\/wp-json\/wp\/v2\/pages\/58\/revisions"}],"predecessor-version":[{"id":676,"href":"http:\/\/www.burgenlandski.net\/wordpress\/wp-json\/wp\/v2\/pages\/58\/revisions\/676"}],"up":[{"embeddable":true,"href":"http:\/\/www.burgenlandski.net\/wordpress\/wp-json\/wp\/v2\/pages\/50"}],"wp:attachment":[{"href":"http:\/\/www.burgenlandski.net\/wordpress\/wp-json\/wp\/v2\/media?parent=58"}],"curies":[{"name":"wp","href":"https:\/\/api.w.org\/{rel}","templated":true}]}}